 r(g) = 82*g**2 - g + 2. What is the tens digit of r(f)?
8
Suppose -44 = 4*a - 3*n - 13, 17 = -3*a + n. Let y(m) = 17*m - 37. Let g(b) = -16*b + 36. Let f(i) = a*g(i) - 3*y(i). What is the tens digit of f(17)?
8
Suppose -2*t = -3*b - 24, 3*b = 4*t + 10 - 40. Let k(f) = 48*f - 9. Let d be k(b). Let s = -209 - d. What is the units digit of s?
8
Suppose 0 = 5*c - 4*c. Suppose 6*n = 4*n + 1260. Suppose -4*d - 5*d + n = c. What is the tens digit of d?
7
Let y be 10 - (0 + ((-3)/1)/(-1)). Let j(l) = l**2 + 7*l + 12. Let d be j(y). What is the units digit of 2/(d/4995) + (-4)/(-22)?
1
Let d be (-2 - ((-9)/2 - -2))*-2. Let w be -5 + 168 + (-3)/d. What is the hundreds digit of w - -5 - 0/(0 - 2)?
1
Let s(j) = -2*j - 20. Let u be s(-10). Suppose u = 3*g - 7*g. Suppose -3*c + 48 = -3*l + 240, g = -c + 3. What is the units digit of l?
7
Let t(i) = 32*i**2 + 7*i + 161. What is the tens digit of t(-14)?
3
Suppose 4*q = -5*w + 8788, -4*q + 9*q - 10985 = -2*w. What is the thousands digit of q?
2
Let i be (-2 - -5) + (-1 - 18) + -2. Let a be ((-1450)/30)/((-3)/i*-2). Suppose 2*h - a = 383. What is the units digit of h?
4
Let p be (-10)/65 - 2312/13. Let o be (-2343)/(-9) + (-2)/(8 + -2). Let i = o + p. What is the tens digit of i?
8
Let t(m) = m**3 - 1. Let x(g) = g**3 - 16*g**2 - 2*g + 7. Let p(l) = -2*t(l) + x(l). What is the units digit of p(-16)?
1
Let m be -1 + 8*207/(-9). Let i = m + 1169. What is the tens digit of i?
8
Let y(v) = 575*v + 343. What is the tens digit of y(23)?
6
Suppose -s + 135 = -108. Suppose -2*v = 4*x - 108, 0 = -8*x + 6*x + 2*v + 42. Suppose 0 = x*a - 28*a + s. What is the units digit of a?
1
Let y = 107704 + -49360. What is the tens digit of y?
4
Let a(t) = 2318*t - 1619. What is the units digit of a(4)?
3
Let x(k) = -12*k**2 - 6*k + 3. Let j be 3*((-28)/(-12) + -2)*-5. Let f(v) = 13*v**2 + 7*v - 3. Let z(s) = j*x(s) - 4*f(s). What is the units digit of z(-3)?
3
Let w(m) = m**2 - 4*m - 55. Let k be w(10). Suppose 2*y + y + 1092 = k*h, -h - 5*y = -196. What is the units digit of h?
6
Suppose 0 = -f - 2, 23 = -2*j + 3*j - 5*f. Let m(x) = j*x - 21 + 14 + 26*x. What is the tens digit of m(2)?
7
Let r(h) = -h**3 + 64*h**2 + 123*h - 323. What is the ten thousands digit of r(59)?
2
Let r be 16/(-48) - (-2 - 878/6). Suppose 0 = -q + 4*q + 126. Let y = q + r. What is the tens digit of y?
0
Let q(j) = 269*j + 11 - 29 + 5. What is the units digit of q(3)?
4
Let p = 63 - 58. Suppose p*q - 966 + 181 = 0. Suppose 4*c = 3*c + q. What is the tens digit of c?
5
Let n = 4020 + -3989. Suppose 3*q + 9 = -69. Let w = q + n. What is the units digit of w?
5
Suppose -72*a = -68*a - 9848. Let j = a + -1252. What is the tens digit of j?
1
Let o(y) = -4*y + 13*y**2 + 3*y**3 + 0*y**3 - 6 - 4*y**3 + 0*y. What is the hundreds digit of o(10)?
2
Let d = -516 - -1288. What is the units digit of d?
2
Let y be 84/5 + (-9)/(-45). Suppose 508 = -y*k + 21*k. What is the hundreds digit of k?
1
Suppose 0 = 30*z + 14708 + 9712. Let s = 1272 + z. What is the hundreds digit of s?
4
Let z(c) = 41*c**2 - 42*c + 337. What is the thousands digit of z(7)?
2
Let t = -9091 - -47536. What is the units digit of t?
5
What is the hundreds digit of -4*4581/(-30)*(-375)/(-9)?
4
Let f = -91 - -98. Suppose -2*s = -f*s + 210. Suppose -2*u + 2*z = -s, -5*u - 3*z = -53 - 44. What is the tens digit of u?
2
Let z be 8*12/(-8)*(-1)/2. Suppose 47 = z*g - 61. What is the hundreds digit of (-4)/g - (-1820)/9?
2
Let j = -341 + 305. What is the hundreds digit of (-1 + (-24)/j)/((-1)/1602)?
5
Suppose 8*j = 1727 - 119. Let n = 298 - j. Suppose -2*c = -n - 67. What is the units digit of c?
2
Suppose 233*l = 4078766 + 4443908. What is the units digit of l?
8
Suppose -30*h + 197109 + 137064 = -341697. What is the tens digit of h?
2
Let v(r) = 31*r - 9. Let q(l) = 93*l - 27. Let p(j) = -3*q(j) + 8*v(j). What is the tens digit of p(-1)?
4
Let c(s) = 230*s**3 + 7*s**2 + 37*s - 221. What is the ten thousands digit of c(5)?
2
Let c(a) = -a**3 + 2. Let w be c(0). Suppose w*n = 62 + 126. Let u = n + 75. What is the hundreds digit of u?
1
Let d(b) = 398*b**2 + 59*b + 5. What is the tens digit of d(3)?
6
Suppose 50*v - 1893337 - 1800163 = 0. What is the ten thousands digit of v?
7
What is the thousands digit of (6 - (-90)/(-12))*(-110408)/6?
7
Let t be (-260)/(-3) + (102/(-18) - -6). Let f = 86 - t. What is the hundreds digit of (-10)/(-20)*-101*2/f?
1
Suppose 0 = -2*o + 4*q - 24, 27 = -2*o + 3*q + 2*q. What is the units digit of 6/((o/(-333))/(12/27))?
8
Let r(o) = -29*o + 60. Let v be r(2). Suppose -m - 5*u = 2*m - 3283, -v*m = 4*u - 2188. What is the tens digit of m?
9
Let c(z) = 173*z**3 - 10*z**2 + 3*z + 7. Let f(t) = -t**3 - 2*t**2 + t + 1. Let d(h) = 3*c(h) - 15*f(h). What is the tens digit of d(1)?
3
Let b(a) = 314*a**2 - 3. Let f be b(-1). Suppose 7638 = 17*r + f. What is the hundreds digit of r?
4
Let b(a) be the second derivative of a**4/12 + 11*a**3/6 - 11*a**2 - 45*a. What is the tens digit of b(7)?
0
Let x(j) = -j**3 - 21*j**2 + 48*j + 52. Let u be x(-23). Suppose u*w - 3989 = -1379. What is the hundreds digit of w?
4
Let z(u) = 133*u - 86. Let m = 582 - 570. What is the units digit of z(m)?
0
Let w(r) = -r**2 + 5*r + 128. Let f be w(14). Suppose -67 = -f*u - 21. What is the units digit of u?
3
Let l be 5 + -7 + (-94)/(-2). Let i = -183 + 125. Let r = l - i. What is the hundreds digit of r?
1
Suppose -3*m - 3*c + 225 = -18, 5*m - 3*c = 389. Suppose 42 = y - m. Suppose 3*h = -2*n + y, 0*n = 2*n + 4*h - 126. What is the tens digit of n?
5
Suppose 25*n = 15*n + 950. Suppose 905 = 4*v - y, -5*y = v - 105 - n. What is the units digit of v?
5
Suppose 29 = a - 5*z, 7*a = 3*a - z + 53. Suppose -a*v - v = -480. What is the tens digit of v?
3
Let p(x) = 4*x + 111. Let i be p(-33). What is the hundreds digit of (-4)/14 - 14307/i?
6
Let u(f) = 20*f - 308. Let w be u(14). Let m(g) = -g**3 - 27*g**2 - 32*g - 170. What is the hundreds digit of m(w)?
5
Let h(j) = -173*j - 17. Let p(t) = -172*t - 16. Let f(d) = -3*h(d) + 2*p(d). What is the units digit of f(5)?
4
Let l(x) = -657*x - 1717. What is the hundreds digit of l(-21)?
0
Suppose -2*q - 4*b = -3156, -2*q + q + 3*b + 1553 = 0. Suppose 4*r + q = 18*r. What is the tens digit of r?
1
Let x be (413/(-4))/(-7)*-4. Let p = x - -37. Let h = 107 + p. What is the tens digit of h?
8
Let g = 243 - 246. Let f(w) = -161*w + 6. What is the hundreds digit of f(g)?
4
Let l = -71 - -74. Suppose 12*i = l*i. Suppose -20 = -4*m - i*m. What is the units digit of m?
5
Let h(f) = 57*f**2 - 12*f + 28. Let c be h(3). Suppose -5*d = -0*d - c. What is the hundreds digit of d?
1
Let o be 3 + -11 + 15 + -4 + -2. Let q(r) = 3 - 5 + 84*r + 0. What is the units digit of q(o)?
2
Let y(w) = 11*w - 16. Let r(m) = 56*m - 80. Let c(i) = -2*r(i) + 11*y(i). Let q be c(5). Let t = 34 + q. What is the tens digit of t?
6
Suppose -11*v + 147 = 2688. Suppose 0 = -3*z - 130 - 263. Let a = z - v. What is the units digit of a?
0
Let i be (-14 + 11)/(2/62). Let t be 218 + (9/(-36))/(1/(-8)). Let d = t + i. What is the hundreds digit of d?
1
Suppose -3*h + 108 = -6. Let r = h + -15. Let y = r - -31. What is the tens digit of y?
5
Let y = -13822 + 22166. What is the thousands digit of y?
8
Let u(w) = w**2 - 20*w + 104. Suppose -5*x + 3*l + 113 + 126 = 0, -145 = -3*x + l. What is the hundreds digit of u(x)?
5
Let s(x) = 209*x**3 - 4*x**2 + 3*x - 1. Let o(a) = -a**2 - 16*a + 81. Let m be o(4). What is the units digit of s(m)?
7
Suppose 0*z = -z + 4. Suppose -5*u = -z*u - 87. Let a = -53 + u. What is the units digit of a?
4
What is the hundreds digit of 578825/43 + (-160)/3440?
4
Suppose -6 = -2*i, 2*u + 3*i - 19 = -0*i. Suppose 9*p = 8*p + u. Suppose -4*m + 8 = 0, -b + p = -m - 7. What is the units digit of b?
4
Let l(r) = 7981*r + 6914. What is the thousands digit of l(7)?
2
Let p(z) = 20*z + 1. Let r be p(-3). Let j = 60 + r. What is the tens digit of 52/(2 + -3 - j*-3)?
2
Suppose 10*q = 279 + 231. Let r = 84 + q. What is the tens digit of r?
3
Let r(x) = x**3 + 66*x**2 + 122*x - 199. What is the hundreds digit of r(-50)?
7
What is the ten thousands digit of ((-1)/(12/9))/((-95795)/(-95800) + -1)?
1
Suppose -18 = m - 2*m. Let q(b) = 2 + 5*b**3 + 3*b**2 - 4*b**3 - m*b**2 + 6*b. What is the tens digit of q(1